{"id":85,"date":"2024-05-23T09:22:30","date_gmt":"2024-05-23T09:22:30","guid":{"rendered":"https:\/\/daikinkombifiyatlari.com.tr\/?post_type=product&#038;p=85"},"modified":"2025-10-20T16:21:22","modified_gmt":"2025-10-20T16:21:22","slug":"daikin-icon-20-24-kw-tam-yogusmali-kombi-d2cbp020","status":"publish","type":"product","link":"https:\/\/daikinkombifiyatlari.com.tr\/?product=daikin-icon-20-24-kw-tam-yogusmali-kombi-d2cbp020","title":{"rendered":"Daikin Icon 20\/24 Kw Tam Yo\u011fu\u015fmal\u0131 Kombi (D2CBP020)"},"content":{"rendered":"","protected":false},"excerpt":{"rendered":"","protected":false},"featured_media":115,"comment_status":"open","ping_status":"closed","template":"","meta":[],"product_cat":[16],"product_tag":[],"class_list":{"0":"post-85","1":"product","2":"type-product","3":"status-publish","4":"has-post-thumbnail","6":"product_cat-kombi","8":"first","9":"instock","10":"shipping-taxable","11":"purchasable","12":"product-type-simple"},"_links":{"self":[{"href":"https:\/\/daikinkombifiyatlari.com.tr\/index.php?rest_route=\/wp\/v2\/product\/85","targetHints":{"allow":["GET"]}}],"collection":[{"href":"https:\/\/daikinkombifiyatlari.com.tr\/index.php?rest_route=\/wp\/v2\/product"}],"about":[{"href":"https:\/\/daikinkombifiyatlari.com.tr\/index.php?rest_route=\/wp\/v2\/types\/product"}],"replies":[{"embeddable":true,"href":"https:\/\/daikinkombifiyatlari.com.tr\/index.php?rest_route=%2Fwp%2Fv2%2Fcomments&post=85"}],"wp:featuredmedia":[{"embeddable":true,"href":"https:\/\/daikinkombifiyatlari.com.tr\/index.php?rest_route=\/wp\/v2\/media\/115"}],"wp:attachment":[{"href":"https:\/\/daikinkombifiyatlari.com.tr\/index.php?rest_route=%2Fwp%2Fv2%2Fmedia&parent=85"}],"wp:term":[{"taxonomy":"product_cat","embeddable":true,"href":"https:\/\/daikinkombifiyatlari.com.tr\/index.php?rest_route=%2Fwp%2Fv2%2Fproduct_cat&post=85"},{"taxonomy":"product_tag","embeddable":true,"href":"https:\/\/daikinkombifiyatlari.com.tr\/index.php?rest_route=%2Fwp%2Fv2%2Fproduct_tag&post=85"}],"curies":[{"name":"wp","href":"https:\/\/api.w.org\/{rel}","templated":true}]}}